).
109
Let r(p) = -p**3 + 14*p**2 + 43*p + 1045. Determine r(19).
57
Let a(v) = v**2 - 209*v + 9804. Determine a(70).
74
Let k(s) = -189*s - 9392. Calculate k(-49).
-131
Let a(w) = -74204*w - 1409636. Determine a(-19).
240
Let i(a) = -1888*a - 45337. Calculate i(-24).
-25
Let i(a) = a**3 + 52*a**2 + 700*a + 1126. Calculate i(-25).
501
Let u(o) = 72153*o - 432920. What is u(6)?
-2
Let r(a) = 2*a**3 + 1953*a**2 - 10876*a - 72654. Calculate r(-982).
14
Let r(p) = -2*p**2 + 457*p + 79018. What is r(-115)?
13
Let o(f) = -2*f**3 + 3441*f**2 + 13785*f - 8. Calculate o(-4).
36
Let z(u) = -21*u**3 - 104*u**2 + 174*u + 250. What is z(-6)?
-2
Let s(v) = 143528*v + 2583512. Give s(-18).
8
Let y(h) = 143*h - 16438. Determine y(119).
579
Let h(j) = 168*j**2 + 917*j + 12. What is h(-5)?
-373
Let r(j) = -42791*j - 1026985. What is r(-24)?
-1
Let f(k) = -3*k**3 - 273*k**2 - 1992*k + 61. Give f(-83).
61
Let w(d) = -d**3 - 70*d**2 + 2376*d - 23. What is w(25)?
2
Let r(o) = -113561*o - 1021992. What is r(-9)?
57
Let z(q) = 3*q**2 - 18089*q + 252672. Give z(14).
14
Let g(z) = -18*z**3 - 3*z**2 + 29*z + 22. Give g(-1).
8
Let p(c) = -c**3 + 3*c**2 + 116*c + 1035. Determine p(15).
75
Let l(p) = 11*p**3 + 3543*p**2 - 348*p - 215734. What is l(-322)?
6
Let q(i) = 14*i**2 - 611*i + 193. Determine q(43).
-194
Let t(i) = -6061*i + 11755. Calculate t(2).
-367
Let t(l) = 2*l**2 + 24940*l + 547716. Determine t(-22).
4
Let l(y) = -2*y**3 - 499*y**2 - 1245*y - 2317. Calculate l(-247).
153
Let f(w) = -2*w**2 - 21*w + 5061. Calculate f(54).
-1905
Let m(a) = -103*a**3 - 632*a**2 - 74*a - 4. Determine m(-6).
-64
Let v(p) = p**2 + 387*p - 17350. What is v(41)?
198
Let t(z) = z**3 + 23*z**2 - 53*z - 870. Determine t(-26).
-1520
Let q(h) = h**2 - 14557*h - 1776038. Determine q(-121).
0
Let x(z) = 675*z - 5275. Give x(8).
125
Let u(q) = 3*q**3 - 32*q**2 - 52*q + 113. What is u(12)?
65
Let j(z) = -171*z**2 - 107571*z - 7545. Calculate j(-629).
3
Let u(l) = l**3 - 60*l**2 - 1323*l + 1273. Give u(77).
195
Let f(y) = -87*y**2 - 7314*y - 506. Determine f(-84).
-2
Let k(y) = -y**3 - 120*y**2 - 692*y + 34. Give k(-6).
82
Let a(k) = 581*k + 86073. Calculate a(-148).
85
Let r(n) = -12*n**2 + 186*n + 135. Calculate r(16).
39
Let r(z) = -1459*z - 369140. Give r(-253).
-13
Let v(h) = 28672*h - 716805. Calculate v(25).
-5
Let l(k) = -492*k - 9579. Give l(-18).
-723
Let w(o) = 3*o**2 - 9*o + 427. Determine w(15).
967
Let k(o) = 37*o**2 + 22414*o - 4845. Calculate k(-606).
3
Let k(z) = -2890*z + 106979. Give k(37).
49
Let l(m) = m**3 + 689*m**2 + 45000*m + 2330. Determine l(-73).
-6
Let c(v) = -v**2 - 9*v + 27951. Give c(-171).
249
Let y(g) = 5906*g - 118135. Determine y(20).
-15
Let a(f) = -f**3 - 85*f**2 + 1630*f + 1416. Calculate a(-101).
2
Let j(d) = -163*d + 46791. Calculate j(287).
10
Let q(b) = -3615*b - 231155. What is q(-64)?
205
Let s(k) = 130*k**2 - 371*k - 80. Give s(3).
-23
Let q(s) = s**3 + 47*s**2 - 1257*s - 58578. Calculate q(-48).
-546
Let y(o) = -13*o**3 + 105*o**2 + 236*o + 17. Determine y(-2).
69
Let f(b) = -90*b**2 + 76113*b + 22838. Give f(846).
-4
Let v(o) = -641*o + 934570. Calculate v(1458).
-8
Let m(q) = -2*q**3 + 70*q**2 + 717*q + 81. What is m(-9)?
756
Let g(i) = 3*i**3 + 3*i**2 + 357*i + 1067. Give g(-3).
-58
Let k(y) = 5205*y**2 + 1905029*y - 371. Give k(-366).
-5
Let n(g) = -35310*g + 529663. Determine n(15).
13
Let b(f) = -f**2 - 1391*f - 9714. What is b(-7)?
-26
Let s(y) = -3*y**3 - 49*y**2 + 207*y + 80. What is s(8)?
-2936
Let g(d) = -265*d - 11532. Calculate g(-41).
-667
Let u(j) = -2*j**2 + 1319*j + 221976. Determine u(-139).
-7
Let p(z) = 156*z - 1973. Give p(13).
55
Let f(b) = 7*b**2 - 366*b + 4675. What is f(22)?
11
Let v(p) = -10300*p + 133913. What is v(13)?
13
Let x(v) = -15*v**2 - 285*v + 1387. Give x(-23).
7
Let f(r) = -344*r**2 + 41966*r + 113. What is f(122)?
-131
Let q(y) = 30*y**3 + 4787*y**2 - 2092*y - 1928. Determine q(-160).
-8
Let z(g) = 51*g**2 + 1396*g - 899. Calculate z(-28).
-3
Let y(w) = 14425*w**2 - 86598*w + 288. What is y(6)?
0
Let k(l) = 295*l**2 + 26823*l - 84. Give k(-91).
1918
Let u(j) = 8917*j + 508153. Determine u(-57).
-116
Let a(j) = j**3 + 1473*j**2 + 8833*j + 175. Determine a(-6).
-11
Let t(j) = 2620*j**2 + 31454*j + 167. Give t(-12).
-1
Let o(f) = -f**2 + 1879*f - 109325. Calculate o(60).
-185
Let b(h) = -872*h + 4417. Give b(5).
57
Let o(u) = 11*u**2 - 183*u + 600. Give o(14).
194
Let y(n) = 3*n**3 + 6*n**2 + 240*n - 2056. Calculate y(8).
1784
Let b(p) = 2*p**2 - 115*p + 1329. What is b(24)?
-279
Let a(z) = 36*z**3 - 394*z**2 - 46*z + 257. Give a(11).
-7
Let g(d) = -d**2 + 131*d - 592. Determine g(5).
38
Let q(a) = 734*a - 1231. Determine q(3).
971
Let k(v) = 17*v**2 + 649*v + 499. What is k(-34)?
-1915
Let x(r) = -84*r**2 + 1316*r + 5320. Give x(19).
0
Let z(c) = -3*c**2 + 104*c - 1773. Give z(32).
-1517
Let o(g) = -28705*g - 459371. Calculate o(-16).
-91
Let u(x) = -285*x - 7287. What is u(-24)?
-447
Let s(k) = k**2 + 35*k - 3642. Calculate s(-93).
1752
Let s(i) = -i**3 + 12*i**2 - 732*i + 9519. Give s(13).
-166
Let t(g) = g**3 + 33*g**2 + 216*g + 114. What is t(-8)?
-14
Let n(s) = s**3 - 1213*s**2 - 9763*s + 44. What is n(-8)?
4
Let r(g) = -2*g**3 + 1140*g**2 + 11592*g + 4620. What is r(580)?
-20
Let a(p) = -234*p + 7435. Give a(33).
-287
Let y(c) = -c**2 + 229*c - 8463. Give y(50).
487
Let f(l) = 4048*l - 1659488. Calculate f(410).
192
Let n(s) = -s**3 + 7*s**2 - 732*s - 4344. Calculate n(-6).
516
Let o(p) = -35*p + 2166. What is o(9)?
1851
Let t(r) = 622778*r + 1868340. Give t(-3).
6
Let h(j) = 9410*j - 9400. Give h(1).
10
Let p(z) = -2*z**3 - 190*z**2 + 1212*z + 3. What is p(-101)?
3
Let x(u) = 10*u**2 - 1127*u + 177. Calculate x(111).
-1710
Let p(u) = u**3 - 93*u**2 - 5*u + 8908. Give p(92).
-16
Let g(b) = b**2 - 246*b - 2780. Give g(-11).
47
Let r(c) = -10*c**2 - 2732*c - 128320. Give r(-213).
-94
Let x(a) = -333*a - 33088. Calculate x(-99).
-121
Let x(a) = -a**2 - 86*a + 7554. What is x(-138)?
378
Let u(h) = 7*h**2 - 723*h + 10733. Give u(18).
-13
Let i(s) = 413*s**3 - 90864*s**2 + 856*s + 5271. Determine i(220).
-9
Let w(a) = -3263*a + 2881255. What is w(883)?
26
Let m(w) = -15938*w + 3362922. Determine m(211).
4
Let b(o) = o**3 - 18*o**2 - 54*o + 1026. Determine b(-8).
-206
Let q(d) = -2*d**2 + 1896*d + 103945. What is q(-52)?
-55
Let x(y) = 55*y**2 - 6595*y - 600. Give x(120).
0
Let d(l) = l**3 - 4395*l**2 + 35097*l + 2. What is d(8)?
10
Let d(p) = -47960*p - 6090939. Calculate d(-127).
-19
Let a(y) = -3202*y - 35306. Determine a(-11).
-84
Let t(k) = 15*k**2 - 1114*k + 697. Give t(74).
401
Let g(c) = -158*c**2 + 320*c - 21. Calculate g(2).
-13
Let g(w) = 15190*w - 9129159. Give g(601).
31
Let x(r) = -7098*r + 42665. Give x(6).
77
Let x(t) = -19*t + 672. Determine x(-21).
1071
Let l(t) = -t**3 + 359*t**2 - 31101*t + 606. What is l(213)?
-33
Let m(k) = -2*k**3 + 8*k**2 + 72*k - 814. Give m(11).
-1716
Let b(h) = -2*h**2 + 548*h + 5240. Determine b(283).
146
Let q(x) = 1070*x - 72694. Determine q(68).
66
Let j(x) = -11661*x + 23002. Calculate j(2).
-320
Let q(k) = 24903*k**2 - 448248*k - 112. Calculate q(18).
-4
Let m(x) = -2*x**3 - 17*x**2 - 173*x - 1485. Calculate m(-10).
545
Let r(b) = -6305*b + 12601. What is r(2)?
-9
Let j(w) = 4*w**3 - 66*w**2 + 266*w - 83. Calculate j(6).
1
Let m(z) = -9*z**2 + 79*z - 483. Calculate m(7).
-371
Let j(o) = 2*o**2 + 5*o - 58. Give j(-4).
-46
Let d(f) = f**3 + 70*f**2 + 261*f - 94. Give d(-66).
104
Let n(v) = -7377*v + 272796. Give n(37).
-153
Let l(h) = -435*h**2 - 239*h - 964. Determine l(-4).
-6968
Let l(d) = -24399*d + 878429. What is l(36)?
65
Let g(o) = 15*o - 1215. Determine g(79).
-30
Let s(c) = 620*c + 181. What is s(-1)?
-439
Let j(n) = 53531*n + 1659460. Calculate j(-31).
-1
Let s(r) = -10*r**2 + 7575*r + 103957. Determine s(771).
-128
Let z(h) = 229*h - 25345. Calculate z(113).
532
Let s(x) = 5*x**3 + 2*x**2 + 65*x - 444. Give s(6).
1098
Let f(w) = 1497*w + 31402. What is f(-21)?
-35
Let q(k) = 173*k + 53809. Determine q(-311).
6
Let m(z) = 17*z**2 + 18699*z + 112201. What is m(-6)?
619
Let o(x) = 128699*x - 2831345. What is o(22)?
33
Let r(o) = 18498*o - 1868309. Give r(101).
-11
Let y(k) = -4190*k - 134069. Determine y(-32).
11
Let d(o) = 6240*o + 118803. Determine 